i**3 - 3*i**2 - 4*i - 2. Let w be c(v). What is the greatest common factor of 10 and w?
10
Let s(h) = 6*h**2 + h. Let d be s(-1). Suppose -4 + 34 = d*q. Suppose p - q = 4. What is the greatest common divisor of 70 and p?
10
Let z(m) be the second derivative of -11*m**3/3 + m. Let k be z(-1). What is the greatest common factor of k and 55?
11
Let j(v) = -v**2 + 6*v + 10. Let i be j(7). Let w = 1 + i. Calculate the highest common divisor of 28 and w.
4
Suppose 5*x = -x + 24. Suppose -4*i + 116 = 2*y, -6*i = -2*i + y - 118. Suppose 0 = 2*s - x - i. What is the highest common factor of s and 85?
17
Suppose -3*z = 2*z - 70. What is the greatest common factor of z and 21?
7
Let x be 1 + -2 - (-16)/(-1). Let p = 28 + x. Let n(h) = h**2 + 2*h - 4. Let i be n(-5). Calculate the highest common divisor of p and i.
11
Let v = 33 + 3. What is the greatest common divisor of v and 324?
36
Let c(d) = d**2 - 36*d + 75. Let l be c(35). Suppose 0 = -2*u + 6*w - w + 45, 0 = 2*u - 2*w - 30. What is the highest common divisor of l and u?
10
Let b = 1 - -2. Suppose -5*g + 189 + 26 = -5*q, g - 51 = b*q. Let v = -14 + 27. Calculate the highest common divisor of v and g.
13
Suppose 22 = t - 88. Suppose -z + 6 + 4 = 0. Calculate the greatest common divisor of z and t.
10
Let y(p) = 2*p - 5. Let x be y(5). Suppose -3*h = -9*h + 630. Suppose 0*c - x*c = -h. Calculate the greatest common factor of 3 and c.
3
Suppose -5*d = 4*y - 425, -y - d = 3*y - 405. Calculate the greatest common factor of y and 40.
20
Let g be ((-36)/(-5))/(4/10). Calculate the greatest common factor of g and 6.
6
Let v be 12/10*2565/19. What is the highest common factor of v and 18?
18
Suppose k - 4*k = -60. What is the greatest common divisor of k and 50?
10
Suppose -r - 37 = -3*a, r = -5*a - r + 80. Calculate the greatest common factor of a and 49.
7
Let p = -130 - -146. Calculate the greatest common factor of 8 and p.
8
Suppose o + 4*h = -0*o + 4, -2*h = -5*o + 86. Let j = 34 - o. What is the highest common divisor of j and 72?
18
Let d(c) = 4*c**2 - 3*c + 2. Let n be d(2). Calculate the highest common factor of n and 48.
12
Suppose 10*h - 14*h = -20. Suppose -275 = -h*j - l, 2*j + 2*l - 110 = -0*l. What is the greatest common divisor of j and 22?
11
Suppose -o + 13 - 3 = 0. Suppose 0*v - v - u = 51, -5*u - 163 = 3*v. Let y = v + 156. What is the highest common divisor of o and y?
10
Let b be -4 + (-19)/4*-4. What is the greatest common divisor of b and 6?
3
Suppose -x - 4*x = -70. Let z(r) = -2*r**3 - r**2 + 2*r + 3. Let t be z(-3). What is the highest common divisor of t and x?
14
Let r = 15 + -9. Let p be 25*(r/5)/3. Let w(x) = 49*x + 2. Let b be w(2). What is the greatest common divisor of p and b?
10
Let f = 32 + -5. Let r = f + -11. What is the highest common divisor of r and 112?
16
Let i be 0 - 6/(-2) - 1. Suppose 0 = -h - i*h + 18. What is the highest common divisor of 4 and h?
2
Let c = 42 + 6. Let b = c - -12. What is the highest common divisor of 20 and b?
20
Suppose 23*u - 18*u = 105. Calculate the highest common divisor of u and 14.
7
Let p(r) = r**3 + 31*r**2 + 32*r + 102. Let i be p(-30). What is the highest common divisor of i and 56?
14
Let i(p) be the third derivative of p**6/120 + p**5/15 - p**4/3 - p**3/2 + 3*p**2. Let r be i(-5). What is the greatest common factor of r and 18?
6
Suppose 0 = 5*v + p + 12 - 89, -p - 43 = -3*v. Let u(s) = -5 - 2 - s**2 + 4*s**2 - 7*s + 2. Let r be u(-5). Calculate the highest common divisor of r and v.
15
Let u(p) = -p**3 + 8*p**2 - 7*p. Let j be u(7). Suppose -5*l = -2*s + 27, -16 = 4*s + 4*l - j*l. What is the greatest common factor of s and 2?
1
Let b(z) = -6*z - 3. Let o be b(-2). Let t be 1/(-1)*(3 + -120). Let j = -45 + t. Calculate the greatest common divisor of o and j.
9
Let h be -17 + 20 - (-18)/1. Calculate the highest common divisor of h and 3.
3
Let b = -10 + 13. Suppose -37 = -g + b*t - 0, t - 25 = -g. Calculate the greatest common factor of g and 14.
14
Let w(c) = -c - 2. Suppose 12 = 4*d + 36. Let j be w(d). What is the greatest common divisor of j and 1?
1
Suppose 8 = 5*h - 27. Let m(o) = -2*o**2 + 5*o. Let r be m(-6). Let v = -25 - r. What is the highest common divisor of v and h?
7
Let x be -3 - (-104)/4 - 3. What is the greatest common factor of 8 and x?
4
Let h(n) = 12*n**2 - 15*n - 8*n**2 - n - 12 - 5*n**2. Let i be h(-15). Calculate the greatest common divisor of 9 and i.
3
Suppose 0 = 2*v - 6*v + 608. Let w be (-225)/(-12) + (-2)/(-8). Calculate the highest common factor of w and v.
19
Let j be -5*((-126)/(-15))/(-7). What is the greatest common factor of j and 21?
3
Let x be (2/3)/(4/6). Let n be (0 + 3 + x)/1. What is the greatest common factor of n and 8?
4
Let y = 202 + -134. Let m = y + -36. Calculate the greatest common divisor of m and 4.
4
Let l be (-3)/((-12)/8) - 9. Let s = 16 + l. Let j(b) = 9*b. Let n be j(2). What is the greatest common divisor of n and s?
9
Suppose 4*b = -4*a - 0*a + 440, -5*a + 4*b + 568 = 0. Suppose 3*k + 2*h = 17 + 35, k + 3*h = 29. What is the highest common factor of k and a?
14
Suppose -3*f + 28 = -f. Suppose 2*t + 2*t - 5*z = 14, -30 = -4*t - 3*z. Let d be (t*-7)/1*-3. What is the highest common divisor of f and d?
14
Let q = -32 - -39. Calculate the greatest common factor of q and 49.
7
Let k = -70 + 82. Calculate the greatest common divisor of 12 and k.
12
Suppose 170 = 5*i - 0*i. What is the highest common factor of 102 and i?
34
Let i = -77 + -101. Let q = -79 - i. Let o = -15 - -26. What is the highest common divisor of q and o?
11
Suppose 7*x + 2*h = 5*x + 4, 0 = -5*x - 2*h + 25. What is the greatest common divisor of 28 and x?
7
Suppose 17*j + 606 = 2901. What is the greatest common divisor of j and 15?
15
Suppose 0*u + 36 = 4*u. Calculate the highest common factor of u and 99.
9
Suppose 134 = -i + 419. Suppose -o + 2*s + 150 = 0, -s - i = -0*o - 2*o. Calculate the greatest common factor of o and 20.
20
Suppose -4*o + 8 + 8 = 0. Let g be (0 + 5)/((-14)/(-56)). Suppose 2*w = o*w - g. What is the highest common factor of w and 10?
10
Suppose 2*r - 850 = -3*r. Suppose k = 2*z - 135, 6*z + 67 = 7*z - k. What is the highest common divisor of z and r?
34
Let d(l) = -10*l**3 + 6*l**2 + 8*l + 2. Let h be d(-2). Calculate the highest common factor of h and 18.
18
Suppose -7*c + 3*c = -20. Suppose -3*x - 20 = -c*x. Let i = 7 + -5. Calculate the greatest common factor of i and x.
2
Let s be (17/2)/((-16)/(-32)). Calculate the highest common factor of s and 51.
17
Let g(h) = -2*h**2 - 12*h - 9. Let s be g(-5). Calculate the highest common factor of s and 11.
1
Suppose -r + 25 = -0*r. Let k = r + 44. What is the highest common factor of k and 46?
23
Suppose s - 7 = -y, -2*y + 0 = -2*s - 6. Suppose -78 = -5*c + s*c. What is the highest common factor of c and 78?
26
Let a = 18 - 16. Suppose 0 = -a*d - 0*d + 90. Calculate the greatest common factor of 5 and d.
5
Let q be (-4)/(-10) + 72/20. Let m = 5 - q. What is the highest common factor of m and 11?
1
Let t be (-16)/(-4)*(0 + 35). What is the greatest common divisor of 20 and t?
20
Let m(g) = -g**3 - 7*g**2 + 9*g + 12. Let i be m(-9). Calculate the highest common divisor of 31 and i.
31
Suppose 0*h + 1452 = 6*h. What is the highest common factor of h and 22?
22
Let i(b) = 2*b**2 - 4*b + 2. Let y(g) = -g**2 - 8*g - 3. Let h be y(-7). Let r be i(h). What is the greatest common divisor of 72 and r?
18
Let h(a) be the first derivative of -2*a**3/3 - 4*a**2 - 9*a + 2. Let c be h(-7). Let m = 87 + c. Calculate the greatest common factor of m and 54.
18
Let i = -2 + 4. Suppose 0*p - 53 = -5*p + 4*k, 0 = -i*p + 5*k + 28. What is the greatest common divisor of p and 27?
9
Suppose -88 = -l - 4*v, 318 = 4*l + 4*v - 46. Calculate the highest common factor of 4 and l.
4
Let f be 4/(-2)*-4*1. Let d(o) = -o**3 + 7*o**2 + 7*o + 10. Let c be d(f). Calculate the greatest common divisor of c and 18.
2
Let c = -11 - -20. Let i(x) = -x**2 + 9*x + 4. Let y be i(c). Suppose -38 = y*r - 206. Calculate the greatest common factor of 14 and r.
14
Let w(u) = -u**2 - 4*u + 35. Let b be w(4). Calculate the greatest common factor of b and 75.
3
Suppose 122 = 4*b + 18. Calculate the highest common factor of b and 104.
26
Let r(s) = -4*s - 8. Let l be r(-5). Let f be 34